{"id":179,"date":"2021-03-11T16:43:04","date_gmt":"2021-03-11T16:43:04","guid":{"rendered":"https:\/\/www.cssigniter.com\/demos\/spencer\/?page_id=122"},"modified":"2024-12-31T10:31:34","modified_gmt":"2024-12-31T09:31:34","slug":"quienes-somos","status":"publish","type":"page","link":"https:\/\/seapc-pacientecritico.org\/?page_id=179","title":{"rendered":"Quienes somos"},"content":{"rendered":"\n<p class=\"has-text-align-center has-medium-font-size\"><em><strong>La innovaci\u00f3n, formaci\u00f3n, investigaci\u00f3n y divulgaci\u00f3n cient\u00edfica sanitaria son nuestros pilares<\/strong>. <\/em><\/p>\n\n\n\n<p>Debido a la complejidad de intervenci\u00f3n en este tipo de pacientes, es imprescindible que los distintos eslabones que le prestan asistencia interaccionen para ofrecer un nivel de excelencia en los cuidados basados en evidencia cient\u00edfica, teniendo en cuenta que una visi\u00f3n integral conlleva, no s\u00f3lo prestar atenci\u00f3n en el plano biom\u00e9dico, sino abordar el impacto psicol\u00f3gico y social que genera el suceso en todo contexto, alterando todo el entorno del paciente cr\u00edtico. <\/p>\n\n\n\n<hr class=\"wp-block-separator has-alpha-channel-opacity\"\/>\n\n\n<div class=\"wp-block-image\">\n<figure class=\"aligncenter size-full\"><img loading=\"lazy\" decoding=\"async\" width=\"558\" height=\"292\" src=\"https:\/\/seapc-pacientecritico.org\/wp-content\/uploads\/2024\/12\/atencion-integral.png\" alt=\"\" class=\"wp-image-240\" srcset=\"https:\/\/seapc-pacientecritico.org\/wp-content\/uploads\/2024\/12\/atencion-integral.png 558w, https:\/\/seapc-pacientecritico.org\/wp-content\/uploads\/2024\/12\/atencion-integral-300x157.png 300w\" sizes=\"auto, (max-width: 558px) 100vw, 558px\" \/><\/figure>\n<\/div>\n\n\n<hr class=\"wp-block-separator has-alpha-channel-opacity\"\/>\n\n\n\n<h2 class=\"wp-block-heading has-text-align-center has-background\" style=\"background:linear-gradient(135deg,rgb(110,193,229) 0%,rgb(110,193,229) 100%)\">nuestros principios<\/h2>\n\n\n\n<div class=\"wp-block-columns is-layout-flex wp-container-core-columns-is-layout-9d6595d7 wp-block-columns-is-layout-flex\">\n<div class=\"wp-block-column is-layout-flow wp-block-column-is-layout-flow\">\n<div id=\"block-b72e1a-3fd1-4f\" class=\"wp-block-gutenbee-iconbox block-b72e1a-3fd1-4f wp-block-gutenbee-iconbox-align-center\"><div id=\"block-b72e1a-3fd1-4f-icon\" class=\"block-b72e1a-3fd1-4f-icon gutenbee-icon-block align-center gutenbee-icon-block-default\"><style>.gutenbee-icon-block.block-b72e1a-3fd1-4f-icon .gutenbee-icon-block-icon-wrap { font-size: 40px; }\n.gutenbee-icon-block.block-b72e1a-3fd1-4f-icon svg { width: 40px; height: 40px; }<\/style><span class=\"gutenbee-icon-block-icon-wrap\" style=\"color:#6ec1e5;background-color:transparent;border-color:transparent;width:auto;height:auto;border-width:3px\"><svg viewBox=\"0 0 24 24\" class=\"\" preserveAspectRatio=\"xMidYMid meet\"><path fill=\"#5c6671\" d=\"M21.008 17.582c-2.4-.691-4.54-2.041-5.087-2.402l-.366-1.099c.952-1.153 1.597-2.675 1.759-4.128.43-.665.688-1.883.688-2.287 0-.187-.054-.744-.424-1.173l.2-2.35c.158-1.856-1.088-3.512-2.9-3.853-2.042-.386-3.716-.386-5.755-.001C7.312.63 6.066 2.287 6.224 4.142l.2 2.351C6.054 6.922 6 7.478 6 7.665c0 .404.258 1.623.688 2.287.161 1.453.806 2.974 1.759 4.128l-.366 1.099c-.546.361-2.683 1.709-5.087 2.402-1.762.508-2.993 2.127-2.993 3.938v.48c0 1.103.897 2 2 2h20.001c1.103 0 2-.897 2-2v-.48c0-1.811-1.231-3.43-2.993-3.938zM12.001 15c-1.619 0-3.07-1.501-3.818-3.282l3.815-1.67 3.802 1.714c-.753 1.763-2.194 3.239-3.799 3.239zm-2.768-.117c.804.686 1.749 1.117 2.768 1.117s1.963-.431 2.768-1.117l.258.775a.503.503 0 00.186.251c.03.021.257.175.611.395l-2.563 1.424a2.585 2.585 0 01-2.522 0l-2.563-1.424c.354-.22.581-.374.61-.394a.501.501 0 00.187-.248l.259-.779zm.075-13.612c1.918-.362 3.464-.362 5.384.001 1.305.246 2.203 1.444 2.089 2.786l-.148 1.734a10.026 10.026 0 00-2.657-1.037c-.122-.987-.956-1.757-1.976-1.757s-1.854.77-1.976 1.757a9.978 9.978 0 00-2.657 1.037l-.148-1.735c-.114-1.342.783-2.54 2.088-2.786zm1.693 3.728c0-.551.449-1 1-1s1 .449 1 1-.449 1-1 1-1-.449-1-1zM7.228 7.075c.004-.003.006-.008.011-.011l.009-.003c.013-.01 1.165-.881 2.902-1.311.298.731 1.014 1.249 1.851 1.249s1.553-.518 1.851-1.249c1.736.43 2.889 1.301 2.902 1.311l.009.004.01.011c.158.11.228.376.228.59 0 .262-.255 1.399-.567 1.8a.5.5 0 00-.103.26c-.033.36-.103.725-.201 1.086l-3.924-1.769a.503.503 0 00-.406-.002l-3.941 1.726a6.381 6.381 0 01-.188-1.039.502.502 0 00-.104-.263c-.311-.401-.566-1.537-.566-1.799 0-.214.071-.48.228-.591zM23.001 22c0 .551-.449 1-1 1H2c-.551 0-1-.449-1-1v-.48c0-1.389.912-2.586 2.27-2.977 1.522-.438 2.911-1.108 3.92-1.663.023.019.04.042.067.057l2.997 1.665c.546.304 1.147.456 1.746.456s1.2-.152 1.746-.456l2.997-1.665c.027-.015.044-.039.067-.057 1.009.556 2.399 1.225 3.92 1.663 1.358.391 2.27 1.587 2.27 2.977V22zm-5-1.5a.5.5 0 01-.5.5h-.5v.5a.5.5 0 01-1 0V21h-.5a.5.5 0 010-1h.5v-.5a.5.5 0 011 0v.5h.5a.5.5 0 01.5.5z\"><\/path><\/svg><\/span><\/div><div class=\"wp-block-gutenbee-iconbox-content\"><h3 class=\"wp-block-gutenbee-iconbox-title\">Rigor cient\u00edfico<\/h3><p class=\"wp-block-gutenbee-iconbox-text\">Capacidad para utilizar la informaci\u00f3n, las normas y los procedimientos con precisi\u00f3n y eficacia.  <\/p><\/div><\/div>\n<\/div>\n\n\n\n<div class=\"wp-block-column is-layout-flow wp-block-column-is-layout-flow\">\n<div id=\"block-da4ae8-6eec-4a\" class=\"wp-block-gutenbee-iconbox block-da4ae8-6eec-4a wp-block-gutenbee-iconbox-align-center\"><div id=\"block-da4ae8-6eec-4a-icon\" class=\"block-da4ae8-6eec-4a-icon gutenbee-icon-block align-center gutenbee-icon-block-default\"><style>.gutenbee-icon-block.block-da4ae8-6eec-4a-icon .gutenbee-icon-block-icon-wrap { font-size: 40px; }\n.gutenbee-icon-block.block-da4ae8-6eec-4a-icon svg { width: 40px; height: 40px; }<\/style><span class=\"gutenbee-icon-block-icon-wrap\" style=\"color:#6ec1e5;background-color:transparent;border-color:transparent;width:auto;height:auto;border-width:3px\"><svg viewBox=\"0 0 24 24\" class=\"\" preserveAspectRatio=\"xMidYMid meet\"><path fill=\"#5c6671\" d=\"M23.502 10.54a1.525 1.525 0 00.408-1.644 1.444 1.444 0 00-1.294-.985l-6.125-.336a.5.5 0 01-.433-.304L13.338.884C13.106.339 12.593 0 12 0s-1.105.339-1.338.884l-2.72 6.387a.497.497 0 01-.433.304l-6.125.336a1.442 1.442 0 00-1.294.985 1.524 1.524 0 00.408 1.644l4.958 4.483a.496.496 0 01.149.493l-1.661 6.586a1.516 1.516 0 00.566 1.601 1.41 1.41 0 001.596.067l5.632-3.457a.498.498 0 01.523 0l5.632 3.457c.235.145.494.216.751.216.295 0 .59-.095.846-.283.497-.365.719-.993.565-1.6l-1.661-6.586a.5.5 0 01.149-.493l4.958-4.483zm-6.077 5.22l1.661 6.586a.513.513 0 01-.188.55.416.416 0 01-.481.021l-5.633-3.457a1.498 1.498 0 00-1.569 0l-5.632 3.457a.413.413 0 01-.481-.021.512.512 0 01-.188-.55l1.661-6.585a1.497 1.497 0 00-.448-1.48L1.169 9.798a.522.522 0 01-.136-.568c.032-.092.137-.306.406-.321l6.125-.336a1.491 1.491 0 001.298-.91l2.72-6.387C11.691 1.02 11.93 1 12 1s.309.02.418.276l2.72 6.387c.226.53.723.878 1.298.91l6.125.336c.27.015.374.229.406.321a.519.519 0 01-.136.567l-4.958 4.483c-.412.373-.584.94-.448 1.479z\"><\/path><\/svg><\/span><\/div><div class=\"wp-block-gutenbee-iconbox-content\"><h3 class=\"wp-block-gutenbee-iconbox-title\">Excelencia<\/h3><p class=\"wp-block-gutenbee-iconbox-text\">Compromiso de actualizaci\u00f3n e innovaci\u00f3n para alcanzar la m\u00e1xima calidad en todas las l\u00edneas de formaci\u00f3n e investigaci\u00f3n. <\/p><\/div><\/div>\n<\/div>\n\n\n\n<div class=\"wp-block-column is-layout-flow wp-block-column-is-layout-flow\">\n<div id=\"block-338245-ae44-46\" class=\"wp-block-gutenbee-iconbox block-338245-ae44-46 wp-block-gutenbee-iconbox-align-center\"><div id=\"block-338245-ae44-46-icon\" class=\"block-338245-ae44-46-icon gutenbee-icon-block align-center gutenbee-icon-block-default\"><style>.gutenbee-icon-block.block-338245-ae44-46-icon .gutenbee-icon-block-icon-wrap { font-size: 40px; }\n.gutenbee-icon-block.block-338245-ae44-46-icon svg { width: 40px; height: 40px; }<\/style><span class=\"gutenbee-icon-block-icon-wrap\" style=\"color:#6ec1e5;background-color:transparent;border-color:transparent;width:auto;height:auto;border-width:3px\"><svg viewBox=\"0 0 24 24\" class=\"\" preserveAspectRatio=\"xMidYMid meet\"><path fill=\"#5c6671\" d=\"M18.5 13c-.169 0-.335.01-.5.025V6.5a.5.5 0 00-.5-.5H15V3.914c0-1.03-.418-2.039-1.146-2.768S12.117 0 11.086 0H6.914c-1.03 0-2.039.418-2.768 1.146S3 2.883 3 3.914V6H.5a.5.5 0 00-.5.5V22c0 1.103.897 2 2 2h16.5c3.033 0 5.5-2.467 5.5-5.5S21.533 13 18.5 13zM14 3.914V6h-1V1.734c.048.042.102.075.146.12.542.542.854 1.293.854 2.061zM6 6V3h6v3H6zm5.086-5c.313 0 .619.064.914.162V2H6v-.838c.295-.098.601-.162.914-.162h4.172zM4 3.914c0-.767.311-1.518.854-2.061.045-.045.099-.078.146-.12v4.266H4V3.913zM2 23c-.551 0-1-.449-1-1V7h16v6.213c-2.305.655-4 2.775-4 5.287 0 1.86.93 3.504 2.348 4.5H2zm16.5 0c-2.481 0-4.5-2.019-4.5-4.5s2.019-4.5 4.5-4.5 4.5 2.019 4.5 4.5-2.019 4.5-4.5 4.5zm3.5-4.5a.5.5 0 01-.5.5H19v2.5a.5.5 0 01-1 0V19h-2.5a.5.5 0 010-1H18v-2.5a.5.5 0 011 0V18h2.5a.5.5 0 01.5.5z\"><\/path><\/svg><\/span><\/div><div class=\"wp-block-gutenbee-iconbox-content\"><h3 class=\"wp-block-gutenbee-iconbox-title\">Confidencialidad<\/h3><p class=\"wp-block-gutenbee-iconbox-text\">Deber de respetar la intimidad y privacidad del paciente.<\/p><\/div><\/div>\n<\/div>\n<\/div>\n\n\n\n<div class=\"wp-block-columns is-layout-flex wp-container-core-columns-is-layout-9d6595d7 wp-block-columns-is-layout-flex\">\n<div class=\"wp-block-column is-layout-flow wp-block-column-is-layout-flow\">\n<div id=\"block-b66b46-1c4b-4d\" class=\"wp-block-gutenbee-iconbox block-b66b46-1c4b-4d wp-block-gutenbee-iconbox-align-center\"><div id=\"block-b66b46-1c4b-4d-icon\" class=\"block-b66b46-1c4b-4d-icon gutenbee-icon-block align-center gutenbee-icon-block-default\"><style>.gutenbee-icon-block.block-b66b46-1c4b-4d-icon .gutenbee-icon-block-icon-wrap { font-size: 40px; }\n.gutenbee-icon-block.block-b66b46-1c4b-4d-icon svg { width: 40px; height: 40px; }<\/style><span class=\"gutenbee-icon-block-icon-wrap\" style=\"color:#6ec1e5;background-color:transparent;border-color:transparent;width:auto;height:auto;border-width:3px\"><svg viewBox=\"0 0 24 24\" class=\"\" preserveAspectRatio=\"xMidYMid meet\"><path fill=\"#5c6671\" d=\"M10.429 21.243a.5.5 0 01-.172.686c-.477.286-.731.82-.757 1.588A.5.5 0 019 24h-.017a.5.5 0 01-.483-.516c.047-1.406.702-2.087 1.243-2.412a.501.501 0 01.686.171zM24 5.498a.494.494 0 01-.177.383c-.1.085-2.494 2.041-10.354 2.117l-.398 6.361c1.334.464 3.178 1.163 3.36 2.548.127.957-.577 1.94-2.152 3.007a.5.5 0 11-.56-.828c1.179-.799 1.791-1.526 1.722-2.048-.095-.721-1.439-1.283-2.434-1.641l-.301 4.815c3.153 1.172 2.802 3.286 2.785 3.381a.5.5 0 01-.982-.184c.007-.05.159-1.282-1.868-2.146l-.142 2.269a.5.5 0 01-.998 0l-.17-2.722c-2.46-.8-3.735-1.74-3.861-2.872-.111-.996.658-1.962 2.286-2.874a.5.5 0 11.489.873c-1.191.666-1.841 1.355-1.781 1.89.035.309.397 1.07 2.801 1.91l-.318-5.081c-1.437-.553-4.042-1.756-4.398-3.325-.096-.424-.067-1.062.609-1.696.848-.792 2.258-.75 2.816-.159.312.329.393.885-.129 1.385-.337.324-.334.599-.302.777.09.51.637 1.11 1.315 1.615l-.328-5.255C2.671 7.923.276 5.966.176 5.881a.497.497 0 01.003-.765l4.668-3.89A1.974 1.974 0 016.353.779a2.04 2.04 0 011.39.805c.455.609 1.095 1.275 1.912 1.756a2.468 2.468 0 01-.155-.839c0-1.378 1.121-2.5 2.5-2.5s2.5 1.122 2.5 2.5c0 .296-.061.576-.155.839.817-.481 1.457-1.147 1.912-1.756a2.04 2.04 0 011.39-.805 1.975 1.975 0 011.506.447l4.668 3.89a.503.503 0 01.18.382zm-14.824 4.62a1.013 1.013 0 00-.368-.079 1.294 1.294 0 00-.066-.002h-.004c-.344 0-.675.12-.896.328-.359.336-.354.586-.317.745.095.419.576.894 1.26 1.352a2.332 2.332 0 01-.226-.649c-.076-.43-.034-1.069.596-1.673l.021-.021zM12 4c.827 0 1.5-.673 1.5-1.5S12.827 1 12 1s-1.5.673-1.5 1.5S11.173 4 12 4zm0 11.484l.027-.437a1.297 1.297 0 01-.056-.022l.029.459zM22.647 5.44l-4.135-3.446a.976.976 0 00-.748-.223 1.023 1.023 0 00-.706.411C16.097 3.468 14.439 5 12 5S7.903 3.468 6.942 2.182a1.03 1.03 0 00-.706-.411.962.962 0 00-.748.223l-4.13 3.441C2.423 5.971 5.22 7 11 7a.5.5 0 01.499.469l.402 6.427c.065.033.129.065.193.094l.408-6.521A.5.5 0 0113.001 7c5.833 0 8.598-1.023 9.646-1.56zm-5.785 4.206c.719.719.743 1.391.637 1.827-.344 1.41-2.456 2.22-3.348 2.503a.5.5 0 01-.505-.83c1.061-1.061 1.184-1.618.509-2.293-.22-.219-.341-.457-.359-.706a.893.893 0 01.271-.707c.288-.288.771-.454 1.321-.42a2.21 2.21 0 011.474.625zm-.707.708c-.226-.225-.562-.347-.94-.333a.939.939 0 00-.387.091l.034.036c.781.781.815 1.546.578 2.192.605-.354.999-.742 1.087-1.102.024-.102.1-.411-.372-.883z\"><\/path><\/svg><\/span><\/div><div class=\"wp-block-gutenbee-iconbox-content\"><h3 class=\"wp-block-gutenbee-iconbox-title\">transparencia<\/h3><p class=\"wp-block-gutenbee-iconbox-text\">Veracidad en todas las actuaciones, ofrecer rigor en las informaciones de salud, as\u00ed como facilitar con una divulgaci\u00f3n cient\u00edfica alejada del sesgo o enga\u00f1o. <\/p><\/div><\/div>\n<\/div>\n\n\n\n<div class=\"wp-block-column is-layout-flow wp-block-column-is-layout-flow\">\n<div id=\"block-28e9e5-5221-4f\" class=\"wp-block-gutenbee-iconbox block-28e9e5-5221-4f wp-block-gutenbee-iconbox-align-center\"><div id=\"block-28e9e5-5221-4f-icon\" class=\"block-28e9e5-5221-4f-icon gutenbee-icon-block align-center gutenbee-icon-block-default\"><style>.gutenbee-icon-block.block-28e9e5-5221-4f-icon .gutenbee-icon-block-icon-wrap { font-size: 40px; }\n.gutenbee-icon-block.block-28e9e5-5221-4f-icon svg { width: 40px; height: 40px; }<\/style><span class=\"gutenbee-icon-block-icon-wrap\" style=\"color:#6ec1e5;background-color:transparent;border-color:transparent;width:auto;height:auto;border-width:3px\"><svg viewBox=\"0 0 24 24\" class=\"\" preserveAspectRatio=\"xMidYMid meet\"><path fill=\"#5c6671\" d=\"M24 12c0 2.757-2.243 5-5 5a4.937 4.937 0 01-2.921-.963.474.474 0 01-.133-.086L14.5 14.632v1.367a.5.5 0 01-1 0v-2.5c0-.025.011-.046.014-.07.005-.037.008-.074.022-.11s.036-.063.056-.094c.014-.021.021-.044.038-.063.003-.003.007-.004.009-.007.025-.026.057-.044.087-.064.025-.017.046-.038.073-.049.019-.008.041-.009.061-.015a.484.484 0 01.13-.026l.009-.002h2.5a.5.5 0 010 1h-1.21l1.241 1.132a.483.483 0 01.056.036 3.953 3.953 0 002.414.832c2.206 0 4-1.794 4-4s-1.794-4-4-4c-.867 0-1.701.288-2.414.832a.472.472 0 01-.077.048l-8.471 7.086a.502.502 0 01-.122.075A4.934 4.934 0 015 16.999c-2.757 0-5-2.243-5-5s2.243-5 5-5c1.047 0 2.055.333 2.921.963a.474.474 0 01.133.086L9.5 9.367V8a.5.5 0 011 0v2.5c0 .025-.011.046-.014.07-.005.037-.008.074-.022.11s-.036.063-.056.094c-.014.021-.021.044-.038.063-.003.003-.007.004-.009.007-.028.03-.064.05-.099.072-.02.013-.038.03-.059.04-.028.012-.06.015-.09.022-.034.008-.066.019-.101.02L10 11H7.5a.5.5 0 010-1h1.21L7.469 8.868c-.019-.011-.038-.022-.056-.036A3.953 3.953 0 004.999 8c-2.206 0-4 1.794-4 4s1.794 4 4 4c.867 0 1.701-.288 2.414-.832a.472.472 0 01.077-.048l8.471-7.086a.502.502 0 01.122-.075A4.934 4.934 0 0118.999 7c2.757 0 5 2.243 5 5z\"><\/path><\/svg><\/span><\/div><div class=\"wp-block-gutenbee-iconbox-content\"><h3 class=\"wp-block-gutenbee-iconbox-title\">Independencia<\/h3><p class=\"wp-block-gutenbee-iconbox-text\">Libertad de informaci\u00f3n y acci\u00f3n en todo lo relacionado con la atenci\u00f3n integral al paciente cr\u00edtico, con la mayor autonom\u00eda como sociedad cient\u00edfica. <\/p><\/div><\/div>\n<\/div>\n\n\n\n<div class=\"wp-block-column is-layout-flow wp-block-column-is-layout-flow\">\n<div id=\"block-56c0c4-f8c8-4e\" class=\"wp-block-gutenbee-iconbox block-56c0c4-f8c8-4e wp-block-gutenbee-iconbox-align-center\"><div id=\"block-56c0c4-f8c8-4e-icon\" class=\"block-56c0c4-f8c8-4e-icon gutenbee-icon-block align-center gutenbee-icon-block-default\"><style>.gutenbee-icon-block.block-56c0c4-f8c8-4e-icon .gutenbee-icon-block-icon-wrap { font-size: 40px; }\n.gutenbee-icon-block.block-56c0c4-f8c8-4e-icon svg { width: 40px; height: 40px; }<\/style><span class=\"gutenbee-icon-block-icon-wrap\" style=\"color:#6ec1e5;background-color:transparent;border-color:transparent;width:auto;height:auto;border-width:3px\"><svg viewBox=\"0 0 24 24\" class=\"\" preserveAspectRatio=\"xMidYMid meet\"><path fill=\"#5c6671\" d=\"M21.979 12.489c-1.5-.421-2.855-1.255-3.276-1.528l-.205-.614c.608-.746 1.023-1.701 1.135-2.623.296-.484.454-1.291.454-1.551 0-.322-.099-.62-.272-.844a4.231 4.231 0 00-1.103-3.128C17.99 1.426 17.028.999 15.998.999c-1.025 0-1.987.427-2.709 1.202-.702.754-1.075 1.766-1.089 2.819-.068-.003-.133-.021-.202-.021-.067 0-.131.017-.198.021-.013-1.052-.386-2.065-1.088-2.819C9.99 1.426 9.028.999 7.998.999c-1.025 0-1.987.427-2.709 1.202a4.231 4.231 0 00-1.103 3.128 1.373 1.373 0 00-.272.844c0 .26.158 1.066.454 1.551.112.921.527 1.876 1.135 2.623l-.205.615c-.42.272-1.772 1.105-3.276 1.527-1.19.334-2.021 1.452-2.021 2.719C.001 16.196.805 17 1.792 17h5.94c-.686.36-1.559.757-2.49 1.019C3.922 18.39 3 19.63 3 21.037c0 1.083.881 1.964 1.964 1.964h14.072A1.966 1.966 0 0021 21.037c0-1.406-.922-2.646-2.242-3.018-.928-.261-1.801-.658-2.488-1.019h5.939c.988 0 1.792-.804 1.792-1.792 0-1.267-.831-2.385-2.021-2.719zM14.02 2.884a2.718 2.718 0 013.96 0c.594.638.898 1.524.834 2.431l-.012.172a.496.496 0 00.21.443c.037.026.076.13.076.243-.002.173-.17.859-.333 1.068a.499.499 0 00-.104.262c-.118 1.305-1.004 2.742-2.115 3.109-.033-.286-.119-.551-.282-.75.084-1.309-.363-2.59-1.23-3.521A4.155 4.155 0 0013.189 5.2c-.032-.866.261-1.706.83-2.317zM12.002 6c.189 0 .375.025.558.059.031.005.061.014.093.013.615.135 1.183.46 1.639.95.687.737 1.037 1.76.962 2.805l-.014.196a.498.498 0 00.212.444c.064.045.112.187.112.329 0 .198-.196.999-.392 1.251a.5.5 0 00-.103.262c-.158 1.742-1.505 3.69-3.071 3.69s-2.913-1.948-3.071-3.69a.5.5 0 00-.103-.262c-.195-.252-.391-1.053-.392-1.251 0-.143.048-.284.112-.329a.5.5 0 00.212-.444l-.014-.197c-.075-1.044.276-2.066.962-2.804C10.318 6.363 11.131 6 11.999 6zM5.246 7.241c-.162-.209-.33-.896-.333-1.067 0-.114.039-.218.076-.244a.499.499 0 00.21-.443l-.012-.172c-.064-.906.239-1.793.834-2.431a2.718 2.718 0 013.96 0c.569.611.862 1.451.83 2.316a4.168 4.168 0 00-1.835 1.142c-.867.931-1.314 2.213-1.23 3.52-.162.198-.249.464-.282.75-1.11-.367-1.997-1.804-2.115-3.109a.497.497 0 00-.103-.262zM1 15.208c0-.82.531-1.542 1.291-1.756 1.968-.553 3.642-1.711 3.712-1.76a.503.503 0 00.188-.252l.113-.34c.392.283.824.474 1.287.549.087.311.205.638.355.881.124 1.051.599 2.144 1.296 2.988l-.166.497C9.05 16.011 9.027 16 8.999 16H1.79a.793.793 0 01-.792-.792zm19 5.828a.966.966 0 01-.964.964H4.964A.966.966 0 014 21.036c0-.96.622-1.805 1.513-2.055 2.219-.623 4.107-1.929 4.187-1.984a.503.503 0 00.188-.252l.156-.467c.58.439 1.241.722 1.957.722s1.377-.283 1.957-.722l.156.467c.034.102.1.19.188.252.08.056 1.967 1.361 4.187 1.984.891.25 1.513 1.095 1.513 2.055zM22.209 16H15c-.027 0-.051.011-.077.015l-.166-.497c.697-.844 1.171-1.937 1.296-2.988.15-.243.268-.57.355-.881a3.018 3.018 0 001.287-.549l.113.34c.034.102.1.19.188.252.07.049 1.744 1.207 3.712 1.76.76.214 1.292.936 1.292 1.756a.793.793 0 01-.792.792z\"><\/path><\/svg><\/span><\/div><div class=\"wp-block-gutenbee-iconbox-content\"><h3 class=\"wp-block-gutenbee-iconbox-title\">compromiso c\u00edvico<\/h3><p class=\"wp-block-gutenbee-iconbox-text\">Dar respuesta ante las necesidades, las expectativas y las demandas sanitarias de la sociedad, con el fin de mejorar la salud de la poblaci\u00f3n. <\/p><\/div><\/div>\n<\/div>\n<\/div>\n\n\n\n<hr class=\"wp-block-separator has-alpha-channel-opacity\"\/>\n\n\n\n<h2 class=\"wp-block-heading has-text-align-center has-background\" style=\"background:linear-gradient(135deg,rgb(110,193,229) 0%,rgb(110,193,229) 100%)\">Nuestros valores<\/h2>\n\n\n\n<h4 class=\"wp-block-heading has-text-align-center\">#criticoseapc<\/h4>\n\n\n\n<div id=\"block-68f7f4-380e-44\" class=\"wp-block-gutenbee-accordion block-68f7f4-380e-44\" data-collapse-others=\"true\"><style>.wp-block-gutenbee-accordion.block-68f7f4-380e-44 .wp-block-gutenbee-accordion-item-title { background-color: #6ec1e5; }<\/style><div class=\"wp-block-gutenbee-accordion-item\"><div class=\"wp-block-gutenbee-accordion-item-title\"><span class=\"wp-block-gutenbee-accordion-item-title-content\">Formaci\u00f3n especializada<\/span><span class=\"wp-block-gutenbee-accordion-item-title-icon\"><\/span><\/div><div class=\"wp-block-gutenbee-accordion-item-content-wrap\"><div class=\"wp-block-gutenbee-accordion-item-content\"><p class=\"wp-block-gutenbee-accordion-item-text\">Una formaci\u00f3n especializada y experta en este tipo de cuidados se consigue con un entrenamiento individualizado mediante simulaci\u00f3n cl\u00ednica en medios controlados y entornos reales, con el fin de proporcionar conocimientos, habilidades y capacidades espec\u00edficas para generar una mejor respuesta adaptativa, que redunde en la mejora de la calidad de los ciudados. <\/p><\/div><\/div><\/div><\/div>\n\n\n\n<div id=\"block-f38335-2c1b-44\" class=\"wp-block-gutenbee-accordion block-f38335-2c1b-44\" data-collapse-others=\"true\"><style>.wp-block-gutenbee-accordion.block-f38335-2c1b-44 .wp-block-gutenbee-accordion-item-title { background-color: #6ec1e5; }<\/style><div class=\"wp-block-gutenbee-accordion-item\"><div class=\"wp-block-gutenbee-accordion-item-title\"><span class=\"wp-block-gutenbee-accordion-item-title-content\">Visi\u00f3n integral<\/span><span class=\"wp-block-gutenbee-accordion-item-title-icon\"><\/span><\/div><div class=\"wp-block-gutenbee-accordion-item-content-wrap\"><div class=\"wp-block-gutenbee-accordion-item-content\"><p class=\"wp-block-gutenbee-accordion-item-text\">Debido a la complejidad de intervenci\u00f3n en este tipo de pacientes, es imprescindible que los distintos eslabones que le prestan asistencia interaccionen para ofrecer un nivel de excelencia en los cuidados basados en evidencia cient\u00edfica, teniendo en cuenta que una visi\u00f3n integral conlleva, no s\u00f3lo prestar atenci\u00f3n al cuadro biom\u00e9dico, sino abordar el impacto psicol\u00f3gico y social que genera el suceso en todo su contexto, alterando todo el entorno del paciente cr\u00edtico. <\/p><\/div><\/div><\/div><\/div>\n\n\n\n<div id=\"block-d238b6-26a8-41\" class=\"wp-block-gutenbee-accordion block-d238b6-26a8-41\" data-collapse-others=\"true\"><style>.wp-block-gutenbee-accordion.block-d238b6-26a8-41 .wp-block-gutenbee-accordion-item-title { background-color: #6ec1e5; }<\/style><div class=\"wp-block-gutenbee-accordion-item\"><div class=\"wp-block-gutenbee-accordion-item-title\"><span class=\"wp-block-gutenbee-accordion-item-title-content\">Investigaci\u00f3n y excelencia<\/span><span class=\"wp-block-gutenbee-accordion-item-title-icon\"><\/span><\/div><div class=\"wp-block-gutenbee-accordion-item-content-wrap\"><div class=\"wp-block-gutenbee-accordion-item-content\"><p class=\"wp-block-gutenbee-accordion-item-text\">Es imprescindible el desarrollo de nuevas l\u00edneas de investigaci\u00f3n basadas en la transparencia y la evidencia cient\u00edfica, que impliquen a todos los profesionales, siempre buscando la excelencia en la atenci\u00f3n integral. <\/p><\/div><\/div><\/div><\/div>\n\n\n\n<div id=\"block-6c34d9-b293-45\" class=\"wp-block-gutenbee-accordion block-6c34d9-b293-45\" data-collapse-others=\"true\"><style>.wp-block-gutenbee-accordion.block-6c34d9-b293-45 .wp-block-gutenbee-accordion-item-title { background-color: #6ec1e5; }<\/style><div class=\"wp-block-gutenbee-accordion-item\"><div class=\"wp-block-gutenbee-accordion-item-title\"><span class=\"wp-block-gutenbee-accordion-item-title-content\">Rescate en medios adversos<\/span><span class=\"wp-block-gutenbee-accordion-item-title-icon\"><\/span><\/div><div class=\"wp-block-gutenbee-accordion-item-content-wrap\"><div class=\"wp-block-gutenbee-accordion-item-content\"><p class=\"wp-block-gutenbee-accordion-item-text\">La base de nuestro trabajo debe tener como eje central y principal protagonista al paciente cr\u00edtico, apostando fuerte por integrar a todos los profesionales que se encargan de su cuidado, en todos los escenarios posibles de actuaci\u00f3n, como puedan ser un rescate terrestre, a\u00e9reo o mar\u00edtimo, o en intervenci\u00f3n en un medio adverso y hostil como realiza nuestra sanidad militar. <\/p><\/div><\/div><\/div><\/div>\n\n\n\n<p><\/p>\n","protected":false},"excerpt":{"rendered":"<p>La innovaci\u00f3n, formaci\u00f3n, investigaci\u00f3n y divulgaci\u00f3n cient\u00edfica sanitaria son nuestros pilares. Debido a la complejidad de intervenci\u00f3n en este tipo de pacientes, es imprescindible que los distintos eslabones que le prestan asistencia interaccionen para ofrecer [&hellip;]<\/p>\n","protected":false},"author":1,"featured_media":0,"parent":0,"menu_order":0,"comment_status":"closed","ping_status":"closed","template":"templates\/template-fullwidth-boxed.php","meta":{"footnotes":""},"class_list":["post-179","page","type-page","status-publish","hentry"],"_links":{"self":[{"href":"https:\/\/seapc-pacientecritico.org\/index.php?rest_route=\/wp\/v2\/pages\/179","targetHints":{"allow":["GET"]}}],"collection":[{"href":"https:\/\/seapc-pacientecritico.org\/index.php?rest_route=\/wp\/v2\/pages"}],"about":[{"href":"https:\/\/seapc-pacientecritico.org\/index.php?rest_route=\/wp\/v2\/types\/page"}],"author":[{"embeddable":true,"href":"https:\/\/seapc-pacientecritico.org\/index.php?rest_route=\/wp\/v2\/users\/1"}],"replies":[{"embeddable":true,"href":"https:\/\/seapc-pacientecritico.org\/index.php?rest_route=%2Fwp%2Fv2%2Fcomments&post=179"}],"version-history":[{"count":7,"href":"https:\/\/seapc-pacientecritico.org\/index.php?rest_route=\/wp\/v2\/pages\/179\/revisions"}],"predecessor-version":[{"id":282,"href":"https:\/\/seapc-pacientecritico.org\/index.php?rest_route=\/wp\/v2\/pages\/179\/revisions\/282"}],"wp:attachment":[{"href":"https:\/\/seapc-pacientecritico.org\/index.php?rest_route=%2Fwp%2Fv2%2Fmedia&parent=179"}],"curies":[{"name":"wp","href":"https:\/\/api.w.org\/{rel}","templated":true}]}}